tor of 2940471?
True
Is 220 a factor of 381653?
False
Is 5 a factor of 66466?
False
Is 90 a factor of 51129?
False
Does 32 divide 3384672?
True
Does 298 divide 6295250?
True
Is 2736 a multiple of 19?
True
Is 13 a factor of 2143297?
True
Does 340 divide 1509907?
False
Does 476 divide 702100?
True
Does 141 divide 946110?
True
Is 36 a factor of 168300?
True
Is 29 a factor of 1020539?
True
Does 160 divide 431520?
True
Is 1729 a factor of 8037599?
False
Is 1087929 a multiple of 327?
True
Is 9652167 a multiple of 302?
False
Does 4 divide 854253?
False
Is 106081 a multiple of 27?
False
Is 14252 a multiple of 4?
True
Is 11 a factor of 76208?
True
Does 5 divide 6375?
True
Does 6 divide 3114968?
False
Is 44909 a multiple of 14?
False
Does 123 divide 443017?
False
Does 32 divide 43872?
True
Is 1451036 a multiple of 85?
False
Is 13 a factor of 1416524?
False
Is 16 a factor of 64537?
False
Is 32008946 a multiple of 30?
False
Is 22 a factor of 2463186?
True
Is 12731232 a multiple of 222?
False
Is 90273 a multiple of 2?
False
Does 50 divide 541777?
False
Is 1634453 a multiple of 255?
False
Does 8 divide 5379816?
True
Does 92 divide 116840?
True
Does 10 divide 55249?
False
Does 196 divide 10923472?
True
Does 14 divide 827108?
False
Is 17 a factor of 4149639?
False
Does 302 divide 545337?
False
Does 22 divide 1230374?
False
Is 319444 a multiple of 14?
False
Is 188933 a multiple of 4?
False
Is 6 a factor of 56350?
False
Does 214 divide 3139429?
False
Is 88528 a multiple of 6?
False
Does 16 divide 42842?
False
Is 3614795 a multiple of 215?
True
Does 94 divide 257748?
True
Is 2227848 a multiple of 168?
True
Is 219 a factor of 401801?
False
Is 13681662 a multiple of 1266?
True
Does 10 divide 2565069?
False
Is 442505 a multiple of 273?
False
Is 157 a factor of 22922?
True
Is 33047308 a multiple of 14?
True
Is 7 a factor of 25088?
True
Does 5 divide 1316712?
False
Is 4187864 a multiple of 101?
True
Is 7378 a multiple of 89?
False
Is 51133 a multiple of 31?
False
Does 14 divide 937482?
True
Does 248 divide 4172848?
True
Does 50 divide 3378600?
True
Does 601 divide 3780843?
False
Is 69 a factor of 197440?
False
Is 15 a factor of 1916754?
False
Does 116 divide 1892044?
False
Is 153 a factor of 54927?
True
Does 50 divide 461250?
True
Is 35637 a multiple of 3?
True
Is 31 a factor of 45604?
False
Is 1004000 a multiple of 10?
True
Does 386 divide 398476?
False
Is 375033 a multiple of 4?
False
Is 67133 a multiple of 85?
False
Is 111461 a multiple of 9?
False
Is 128 a factor of 189952?
True
Is 454780 a multiple of 20?
True
Is 22 a factor of 8588?
False
Is 139 a factor of 1740280?
True
Is 451988 a multiple of 24?
False
Does 39 divide 168753?
True
Does 12 divide 28133?
False
Does 72 divide 726048?
True
Is 67 a factor of 1947891?
True
Is 242451 a multiple of 279?
True
Is 4 a factor of 1576174?
False
Does 627 divide 1248357?
True
Does 75 divide 5100?
True
Is 21 a factor of 3465000?
True
Is 502 a factor of 90191?
False
Is 14597628 a multiple of 17?
True
Is 223 a factor of 1272829?
False
Is 22 a factor of 439274?
True
Is 508 a factor of 1286764?
True
Is 171311 a multiple of 45?
False
Is 3056886 a multiple of 42?
True
Is 48087 a multiple of 33?
False
Is 3 a factor of 2125120?
False
Is 60 a factor of 190529?
False
Is 50 a factor of 365150?
True
Is 54 a factor of 68472?
True
Is 30 a factor of 2185476?
False
Does 175 divide 340025?
True
Is 157 a factor of 76930?
True
Does 97 divide 267855?
False
Is 18 a factor of 17514?
True
Is 2436794 a multiple of 38?
False
Does 6 divide 117468?
True
Does 6 divide 1184201?
False
Is 10608165 a multiple of 15?
True
Is 18 a factor of 82128?
False
Is 450976 a multiple of 17?
True
Is 5 a factor of 246877?
False
Does 113 divide 7669912?
False
Is 68970 a multiple of 30?
True
Is 442 a factor of 1542428?
False
Does 184 divide 12167920?
True
Is 179 a factor of 5703119?
True
Is 40 a factor of 105720?
True
Does 212 divide 140556?
True
Is 157 a factor of 871533?
False
Is 18 a factor of 2357723?
False
Does 256 divide 275712?
True
Is 2007632 a multiple of 176?
True
Does 10 divide 4272895?
False
Is 317 a factor of 23775?
True
Is 22 a factor of 169532?
True
Is 57 a factor of 732374?
False
Is 728354 a multiple of 22?
True
Is 463104 a multiple of 134?
True
Is 175 a factor of 26633?
False
Is 15 a factor of 2383987?
False
Is 2312 a multiple of 17?
True
Is 2848 a multiple of 4?
True
Is 476632 a multiple of 52?
True
Is 41043 a multiple of 55?
False
Does 76 divide 227283?
False
Is 32 a factor of 918752?
True
Is 81360 a multiple of 5?
True
Is 5382947 a multiple of 398?
False
Does 8 divide 9521296?
True
Is 9 a factor of 6418464?
False
Does 246 divide 6029706?
True
Does 446 divide 5484769?
False
Is 3220007 a multiple of 3?
False
Is 29 a factor of 76525?
False
Is 43 a factor of 156026?
False
Is 2646973 a multiple of 140?
False
Is 593556 a multiple of 29?
False
Is 229602 a multiple of 51?
True
Is 4 a factor of 102068?
True
Is 36399 a multiple of 210?
False
Is 168522 a multiple of 52?
False
Is 1108803 a multiple of 43?
False
Is 99 a factor of 2759031?
True
Does 39 divide 1971258?
False
Does 4 divide 90449?
False
Is 41 a factor of 2079233?
True
Is 207168 a multiple of 64?
True
Is 10 a factor of 28173?
False
Is 289 a factor of 4001205?
True
Is 23 a factor of 116104?
True
Does 440 divide 753720?
True
Does 6 divide 156930?
True
Does 47 divide 298074?
True
Is 9 a factor of 615042?
True
Is 37 a factor of 9727655?
False
Is 11 a factor of 245051?
False
Does 22 divide 772904?
True
Is 8 a factor of 10945627?
False
Is 188737 a multiple of 29?
False
Does 3 divide 177130?
False
Does 21 divide 912519?
False
Does 7 divide 310156?
True
Is 4921470 a multiple of 16?
False
Does 4 divide 91513?
False
Does 657 divide 1499425?
False
Is 22 a factor of 2425769?
False
Does 23 divide 24673613?
False
Is 355288 a multiple of 140?
False
Is 27 a factor of 161863?
False
Does 46 divide 174938?
True
Is 382914 a multiple of 54?
True
Does 105 divide 1467652?
False
Does 14 divide 1101608?
False
Does 69 divide 659526?
False
Is 6715622 a multiple of 42?
False
Does 23 divide 1343010?
False
Does 51 divide 172890?
True
Is 249447 a multiple of 11?
True
Is 13 a factor of 611?
True
Does 490 divide 13084951?
False
Does 29 divide 1562433?
True
Is 4656953 a multiple of 61?
False
Does 67 divide 109769?
False
Is 27967 a multiple of 11?
False
Is 364572 a multiple of 78?
True
Is 15 a factor of 102640?
False
Does 114 divide 53934?
False
Does 12 divide 175333?
False
Does 5 divide 1578826?
False
Does 13 divide 1814837?
False
Is 13 a factor of 4101318?
True
Is 8342580 a multiple of 10?
True
Is 2131284 a multiple of 10?
False
Is 3413382 a multiple of 6?
True
Is 204358 a multiple of 89?
False
Is 146 a factor of 8637?
False
Is 49 a factor of 619997?
True
Does 4 divide 1214972?
True
Does 17 divide 8993?
True
Is 141 a factor of 495051?
True
Is 41 a factor of 25912?
True
Is 1026267 a multiple of 227?
True
Is 7 a factor of 891436?
True
Is 15 a factor of 1533923?
False
Is 4 a factor of 26717?
False
Does 133 divide 1835134?
True
Is 207 a factor of 147324?
False
Does 37 divide 104969?
True
Does 465 divide 1769790?
True
Is 375804 a multiple of 78?
True
Is 6 a factor of 100033?
False
Is 251 a factor of 320778?
True
Does 13 divide 1640645?
False
Is 48 a factor of 2453633?
False
Is 1929443 a multiple of 318?
False
Does 6 divide 1563882?
True
Is 13 a factor of 5466243?
False
Is 113 a factor of 2305652?
True
Does 12 divide 159126?
False
Is 249 a factor of 8142798?
True
Does 18 divide 255672?
True
Does 13 divide 822900?
True
Does 328 divide 1014176?
True
Is 67744 a multiple of 292?
True
Is 31 a factor of 157521?
False
Is 2 a factor of 311750?
True
Is 94 a factor of 20946?
False
Is 5 a factor of 5262?
False
Is 1051939 a multiple of 721?
True
Is 128 a factor of 1321137?
False
Does 105 divide 191835?
True
Does 11 divide 2182026?
True
Does 8 divide 2917272?
True
Is 237 a factor of 4435929?
True
Is 450462 a multiple of 386?
True
Is 183912 a multiple of 8?
True
Is 301032 a multiple of 452?
True
Is 3063294 a multiple of 57?
True
Is 11154380 a multiple of 17?
True
Is 22 a factor of 104896?
True
Is 23 a factor of 33764?
True
Is 615919 a multiple of 52?
False
Is 25840 a multiple of 136?
True
Is 41 a factor of 100040?
True
Is 1638120 a multiple of 10?
Tru